{"id":109,"date":"2020-12-31T12:58:17","date_gmt":"2020-12-31T10:58:17","guid":{"rendered":"http:\/\/www.eshoiva.fi\/?page_id=109"},"modified":"2024-07-09T08:09:41","modified_gmt":"2024-07-09T05:09:41","slug":"tarinamme-2","status":"publish","type":"page","link":"https:\/\/www.eshoiva.fi\/?page_id=109","title":{"rendered":"Tarinamme"},"content":{"rendered":"<p><span style=\"font-family: Arial, serif;\"><img loading=\"lazy\" decoding=\"async\" class=\"alignnone wp-image-19\" src=\"http:\/\/www.eshoiva.fi\/wp-content\/uploads\/2020\/12\/Stinde-II-225x300.png\" alt=\"\" width=\"119\" height=\"158\" srcset=\"https:\/\/www.eshoiva.fi\/wp-content\/uploads\/2020\/12\/Stinde-II-225x300.png 225w, https:\/\/www.eshoiva.fi\/wp-content\/uploads\/2020\/12\/Stinde-II-768x1024.png 768w, https:\/\/www.eshoiva.fi\/wp-content\/uploads\/2020\/12\/Stinde-II-1152x1536.png 1152w, https:\/\/www.eshoiva.fi\/wp-content\/uploads\/2020\/12\/Stinde-II.png 1417w\" sizes=\"auto, (max-width: 119px) 100vw, 119px\" \/><\/span><\/p>\n<h3><span style=\"font-family: Arial, serif;\">Hei!<\/span><\/h3>\n<p>Nimeni on Eevastiina Juoj\u00e4rvi. Olen yritt\u00e4j\u00e4, geronomi ja alanvaihtaja Helsingist\u00e4.<\/p>\n<p>Vanhempieni omaishoitajana minulle her\u00e4si sek\u00e4 kutsumus ett\u00e4 palo tarjota asiakasl\u00e4ht\u00f6ist\u00e4 ja l\u00e4sn\u00e4olevaa palvelua oman yrityksen kautta. Valmistuin geronomiksi vuonna 2020 ja perustin ES-Hoiva yrityksen, joka toimii t\u00e4ll\u00e4 hetkell\u00e4 Helsingin alueella. ES-Hoiva tarjoaa asiakkailleen palveluita, joita olisin halunnut vanhemmilleni tarjota. Tuotamme asiakkaille r\u00e4\u00e4t\u00e4l\u00f6ityj\u00e4 palveluratkaisuja, jotka tuovat helpotusta kotona asumisen tukemiseen.<\/p>\n<p>Yrityksen ty\u00f6ntekij\u00e4t ovat luotettavia ja sosiaalisia. He ovat erilaisia, monipuolisia osaajia ja persoonia &#8211; niin kuin asiakkaammekin ovat.<\/p>\n<p>\u00c4l\u00e4 en\u00e4\u00e4 ep\u00e4r\u00f6i vaan toimi. Soita 044 980 1473, l\u00e4het\u00e4 s\u00e4hk\u00f6postia info@eshoiva.fi tai j\u00e4t\u00e4 sivuillamme olevalle yhteydenottolomakkeelle viestisi. Otan yhteytt\u00e4 mahdollisimman pian ja sovitaan tapaaminen.<\/p>\n<p>Palveluksessanne ES-Hoiva &#8211; laadukkaasti l\u00e4sn\u00e4!<\/p>\n<p>&nbsp;<\/p>\n<p>&#8221;Olen ty\u00f6skennellyt muutamia kuukausia ES-Hoivan palveluksessa ja voin rehellisesti sanoa, ett\u00e4 t\u00e4m\u00e4 on yksi hienoimmista ty\u00f6yhteis\u00f6ist\u00e4 miss\u00e4 olen ollut. Olen aina pit\u00e4nyt merkitt\u00e4v\u00e4ss\u00e4 roolissa ty\u00f6kavereitani ja esimiest\u00e4ni, ja ES-Hoivassa molemmat ovat huippuja! Itse ty\u00f6 on my\u00f6s kivaa ja tykk\u00e4\u00e4n, kun saan itse p\u00e4\u00e4tt\u00e4\u00e4 ty\u00f6ajoistani.&#8221;<\/p>\n<div dir=\"auto\">&#8211; Sini &#8211;<\/div>\n<div dir=\"auto\"><\/div>\n<div dir=\"auto\"><\/div>\n<div dir=\"auto\"><\/div>\n<div dir=\"auto\"><\/div>\n<div dir=\"auto\"><\/div>\n<div dir=\"auto\"><\/div>\n<p align=\"CENTER\">\n","protected":false},"excerpt":{"rendered":"<p>Hei! Nimeni on Eevastiina Juoj\u00e4rvi. Olen yritt\u00e4j\u00e4, geronomi ja alanvaihtaja Helsingist\u00e4. Vanhempieni omaishoitajana minulle her\u00e4si sek\u00e4 kutsumus ett\u00e4 palo tarjota asiakasl\u00e4ht\u00f6ist\u00e4 ja l\u00e4sn\u00e4olevaa palvelua oman yrityksen kautta. Valmistuin geronomiksi vuonna 2020 ja perustin ES-Hoiva yrityksen, joka toimii t\u00e4ll\u00e4 hetkell\u00e4 Helsingin alueella. ES-Hoiva tarjoaa asiakkailleen palveluita, joita olisin halunnut vanhemmilleni tarjota. Tuotamme asiakkaille r\u00e4\u00e4t\u00e4l\u00f6ityj\u00e4 palveluratkaisuja, jotka<span class=\"post-excerpt-end\">&hellip;<\/span><\/p>\n<p class=\"more-link\"><a href=\"https:\/\/www.eshoiva.fi\/?page_id=109\" class=\"themebutton\">Read More<\/a><\/p>\n","protected":false},"author":1,"featured_media":0,"parent":0,"menu_order":0,"comment_status":"closed","ping_status":"closed","template":"","meta":{"_monsterinsights_skip_tracking":false,"_monsterinsights_sitenote_active":false,"_monsterinsights_sitenote_note":"","_monsterinsights_sitenote_category":0,"footnotes":""},"categories":[],"tags":[],"class_list":["post-109","page","type-page","status-publish","hentry"],"aioseo_notices":[],"_links":{"self":[{"href":"https:\/\/www.eshoiva.fi\/index.php?rest_route=\/wp\/v2\/pages\/109","targetHints":{"allow":["GET"]}}],"collection":[{"href":"https:\/\/www.eshoiva.fi\/index.php?rest_route=\/wp\/v2\/pages"}],"about":[{"href":"https:\/\/www.eshoiva.fi\/index.php?rest_route=\/wp\/v2\/types\/page"}],"author":[{"embeddable":true,"href":"https:\/\/www.eshoiva.fi\/index.php?rest_route=\/wp\/v2\/users\/1"}],"replies":[{"embeddable":true,"href":"https:\/\/www.eshoiva.fi\/index.php?rest_route=%2Fwp%2Fv2%2Fcomments&post=109"}],"version-history":[{"count":27,"href":"https:\/\/www.eshoiva.fi\/index.php?rest_route=\/wp\/v2\/pages\/109\/revisions"}],"predecessor-version":[{"id":282,"href":"https:\/\/www.eshoiva.fi\/index.php?rest_route=\/wp\/v2\/pages\/109\/revisions\/282"}],"wp:attachment":[{"href":"https:\/\/www.eshoiva.fi\/index.php?rest_route=%2Fwp%2Fv2%2Fmedia&parent=109"}],"wp:term":[{"taxonomy":"category","embeddable":true,"href":"https:\/\/www.eshoiva.fi\/index.php?rest_route=%2Fwp%2Fv2%2Fcategories&post=109"},{"taxonomy":"post_tag","embeddable":true,"href":"https:\/\/www.eshoiva.fi\/index.php?rest_route=%2Fwp%2Fv2%2Ftags&post=109"}],"curies":[{"name":"wp","href":"https:\/\/api.w.org\/{rel}","templated":true}]}}